at is the hundreds digit of 43508?
5
What is the hundreds digit of 1117?
1
What is the tens digit of 10362?
6
What is the units digit of 88270?
0
What is the tens digit of 5764?
6
What is the thousands digit of 3549?
3
What is the units digit of 1088?
8
What is the hundreds digit of 1189?
1
What is the tens digit of 821?
2
What is the tens digit of 210?
1
What is the tens digit of 1440?
4
What is the tens digit of 5445?
4
What is the hundreds digit of 7745?
7
What is the thousands digit of 14294?
4
What is the units digit of 12576?
6
What is the tens digit of 5746?
4
What is the units digit of 568?
8
What is the tens digit of 2770?
7
What is the tens digit of 26143?
4
What is the thousands digit of 6926?
6
What is the units digit of 16304?
4
What is the hundreds digit of 1453?
4
What is the units digit of 5867?
7
What is the tens digit of 1539?
3
What is the hundreds digit of 2783?
7
What is the tens digit of 36633?
3
What is the tens digit of 6186?
8
What is the tens digit of 45049?
4
What is the tens digit of 1395?
9
What is the tens digit of 34048?
4
What is the units digit of 175?
5
What is the thousands digit of 1552?
1
What is the thousands digit of 3287?
3
What is the units digit of 509?
9
What is the units digit of 1805?
5
What is the tens digit of 5895?
9
What is the units digit of 19217?
7
What is the hundreds digit of 19717?
7
What is the hundreds digit of 7852?
8
What is the units digit of 20261?
1
What is the thousands digit of 2355?
2
What is the tens digit of 3746?
4
What is the tens digit of 112284?
8
What is the units digit of 1905?
5
What is the thousands digit of 1033?
1
What is the thousands digit of 4755?
4
What is the tens digit of 28930?
3
What is the hundreds digit of 3776?
7
What is the thousands digit of 9033?
9
What is the tens digit of 3186?
8
What is the hundreds digit of 64638?
6
What is the hundred thousands digit of 107343?
1
What is the hundreds digit of 414?
4
What is the tens digit of 64680?
8
What is the tens digit of 32500?
0
What is the hundreds digit of 2421?
4
What is the hundreds digit of 586?
5
What is the tens digit of 207?
0
What is the units digit of 318?
8
What is the hundreds digit of 4372?
3
What is the hundreds digit of 6277?
2
What is the hundreds digit of 571?
5
What is the hundreds digit of 6995?
9
What is the units digit of 16558?
8
What is the thousands digit of 1202?
1
What is the hundreds digit of 99713?
7
What is the ten thousands digit of 68962?
6
What is the tens digit of 17746?
4
What is the tens digit of 972?
7
What is the tens digit of 5761?
6
What is the units digit of 58818?
8
What is the units digit of 30?
0
What is the thousands digit of 12306?
2
What is the thousands digit of 1057?
1
What is the units digit of 80712?
2
What is the hundreds digit of 32577?
5
What is the units digit of 688?
8
What is the thousands digit of 24090?
4
What is the ten thousands digit of 83361?
8
What is the ten thousands digit of 78896?
7
What is the hundreds digit of 3839?
8
What is the units digit of 3620?
0
What is the ten thousands digit of 97394?
9
What is the hundreds digit of 1620?
6
What is the thousands digit of 39053?
9
What is the units digit of 2010?
0
What is the tens digit of 41129?
2
What is the ten thousands digit of 73836?
7
What is the tens digit of 7672?
7
What is the thousands digit of 8186?
8
What is the hundreds digit of 2513?
5
What is the units digit of 7893?
3
What is the hundreds digit of 96228?
2
What is the units digit of 23738?
8
What is the hundreds digit of 11803?
8
What is the thousands digit of 149193?
9
What is the units digit of 582?
2
What is the tens digit of 74890?
9
What is the thousands digit of 14527?
4
What is the units digit of 646?
6
What is the tens digit of 323?
2
What is the units digit of 456?
6
What is the units digit of 1719?
9
What is the units digit of 1170?
0
What is the thousands digit of 9171?
9
What is the thousands digit of 1293?
1
What is the units digit of 106985?
5
What is the tens digit of 50387?
8
What is the thousands digit of 27652?
7
What is the units digit of 133?
3
What is the tens digit of 13126?
2
What is the hundreds digit of 2073?
0
What is the units digit of 65465?
5
What is the tens digit of 1162?
6
What is the hundreds digit of 778?
7
What is the thousands digit of 40880?
0
What is the hundreds digit of 2935?
9
What is the tens digit of 2333?
3
What is the ten thousands digit of 16737?
1
What is the units digit of 2900?
0
What is the thousands digit of 9307?
9
What is the units digit of 99437?
7
What is the tens digit of 22899?
9
What is the hundreds digit of 232?
2
What is the hundreds digit of 990?
9
What is the tens digit of 1186?
8
What is the units digit of 194?
4
What is the tens digit of 220?
2
What is the hundreds digit of 3615?
6
What is the hundreds digit of 3008?
0
What is the thousands digit of 2279?
2
What is the tens digit of 945?
4
What is the tens digit of 9191?
9
What is the tens digit of 17607?
0
What is the thousands digit of 1029?
1
What is the units digit of 248?
8
What is the tens digit of 931?
3
What is the units digit of 23676?
6
What is the thousands digit of 1451?
1
What is the tens digit of 54960?
6
What is the ten thousands digit of 14788?
1
What is the units digit of 162396?
6
What is the hundreds digit of 1060?
0
What is the units digit of 1587?
7
What is the units digit of 66284?
4
What is the ten thousands digit of 11741?
1
What is the thousands digit of 1106?
1
What is the thousands digit of 1490?
1
What is the units digit of 11297?
7
What is the hundreds digit of 12407?
4
What is the ten thousands digit of 70794?
7
What is the units digit of 558?
8
What is the units digit of 1569?
9
What is the units digit of 41?
1
What is the tens digit of 1142?
4
What is the hundreds digit of 18837?
8
What is the hundreds digit of 3350?
3
What is the thousands digit of 19589?
9
What is the units digit of 99995?
5
What is the units digit of 5554?
4
What is the units digit of 398?
8
What is the tens digit of 18689?
8
What is the hundreds digit of 13385?
3
What is the hundreds digit of 1189?
1
What is the units digit of 22911?
1
What is the tens digit of 68?
6
What is the thousands digit of 3706?
3
What is the hundreds digit of 1214?
2
What is the hundreds digit of 32939?
9
What is the tens digit of 868?
6
What is the hundreds digit of 42956?
9
What is the tens digit of 17069?
6
What is the units digit of 575?
5
What is the tens digit of 4926?
2
What is the tens digit of 2634?
3
What is the tens digit of 613?
1
What is the thousands digit of 1062?
1
What is the hundreds digit of 69278?
2
What is the units digit of 35134?
4
What is the thousands digit of 3961?
3
What is the thousands digit of 2115?
2
What is the hundreds digit of 2812?
8
What is the thousands digit of 49727?
9
What is the hundreds digit of 4201?
2
What is the thousands digit of 70565?
0
What is the hundreds digit of 811?
8
What is the thousands digit of 1416?
1
What is the thousands digit of 46382?
6
What is the units digit of 17453?
3
What is the hundreds digit of 3012?
0
What is the thousands digit of 87360?
7
What is the thousands digit of 3461?
3
What is the hundreds digit of 3723?
7
What is the units digit of 2627?
7
What is the tens digit of 4765?
6
What is the ten thousands digit of 12079?
1
What is the units digit of 224?
4
What is the thousands digit of 3657?
3
What is the thousands digit of 2108?
2
What is the tens digit of 1044?
4
What is the units digit of 2869?
9
What is the hundreds digit of 787?
7
What is the hundreds digit of 51370?
3
What is the hundreds digit of 372?
3
What is the tens digit of 1761?
6
What is the units digit of 952?
2
What is the units digit of 3962?
2
What is the hundred thousands digit of 148225?
1
What is the hundreds digit of 12951?
9
What is the units digit of 464?
4
What is the tens digit of 8302?
0
What is the thousands digit of 1373?
1
What is the ten thousands digit of 100728?
0
What is the hundreds digit of 24731?
7
What is the units digit of 3590?
0
What is the tens digit of 8167?
6
What is the thousands digit of 2076?
2
What is the hundreds digit of 1043?
0
What is the units digit of 136314?
4
What is the thousands digit of 4093?
4
What is the units digit of 16060?
0
What is the hundreds digit 